ctor of 7192 and 372.
124
What is the greatest common factor of 10075 and 39?
13
What is the highest common factor of 20 and 115?
5
What is the highest common divisor of 22 and 10945?
11
Calculate the greatest common factor of 357 and 4879.
119
What is the highest common factor of 1062 and 72?
18
Calculate the highest common factor of 7552 and 59.
59
What is the highest common factor of 286 and 51194?
286
Calculate the highest common factor of 72011 and 107.
107
Calculate the highest common divisor of 12054 and 294.
294
Calculate the highest common factor of 1520 and 38.
38
Calculate the greatest common divisor of 75 and 12.
3
What is the highest common divisor of 1507 and 11?
11
What is the greatest common factor of 5287 and 68?
17
Calculate the greatest common divisor of 6 and 102.
6
Calculate the greatest common factor of 248 and 72.
8
What is the highest common divisor of 1173 and 51?
51
Calculate the greatest common divisor of 14 and 2702.
14
Calculate the highest common factor of 2020 and 20.
20
Calculate the greatest common divisor of 20 and 11435.
5
What is the greatest common divisor of 444 and 481?
37
Calculate the highest common factor of 225 and 9.
9
What is the highest common factor of 24 and 60?
12
What is the highest common divisor of 380 and 228?
76
Calculate the greatest common factor of 18213 and 39.
39
Calculate the greatest common factor of 85 and 340.
85
What is the greatest common divisor of 12 and 327?
3
What is the highest common divisor of 1404 and 189?
27
What is the greatest common factor of 368 and 23?
23
What is the highest common divisor of 99 and 11?
11
What is the greatest common factor of 3234 and 28?
14
What is the greatest common divisor of 119 and 323?
17
Calculate the highest common factor of 2 and 61.
1
Calculate the greatest common factor of 96 and 204.
12
What is the highest common divisor of 4897 and 413?
59
Calculate the highest common divisor of 1143 and 9.
9
Calculate the highest common factor of 6370 and 10.
10
What is the greatest common divisor of 55 and 100?
5
Calculate the highest common divisor of 39 and 598.
13
Calculate the greatest common factor of 504 and 693.
63
What is the greatest common divisor of 745 and 15?
5
Calculate the greatest common divisor of 102 and 102.
102
Calculate the greatest common factor of 24 and 1692.
12
Calculate the highest common divisor of 131 and 1.
1
Calculate the highest common divisor of 169 and 26.
13
What is the highest common factor of 12133 and 44?
11
What is the highest common divisor of 19 and 266?
19
What is the highest common divisor of 214 and 13589?
107
Calculate the highest common factor of 434 and 28.
14
Calculate the highest common divisor of 4141 and 808.
101
What is the highest common divisor of 171 and 95?
19
Calculate the highest common factor of 340 and 12.
4
Calculate the highest common factor of 3 and 807.
3
What is the highest common divisor of 90 and 120?
30
Calculate the highest common divisor of 2805 and 765.
255
Calculate the greatest common factor of 308 and 198.
22
Calculate the greatest common divisor of 6232 and 2624.
328
Calculate the highest common divisor of 152 and 57.
19
Calculate the highest common factor of 799 and 94.
47
What is the greatest common factor of 34037 and 202?
101
Calculate the greatest common divisor of 26 and 16042.
26
Calculate the highest common divisor of 80 and 10.
10
Calculate the greatest common divisor of 208 and 6773.
13
What is the highest common divisor of 28 and 14?
14
What is the highest common factor of 3 and 4?
1
Calculate the highest common factor of 222 and 999.
111
Calculate the highest common divisor of 73 and 1825.
73
Calculate the greatest common divisor of 64 and 24.
8
What is the highest common factor of 945 and 765?
45
What is the greatest common factor of 50550 and 25?
25
What is the highest common divisor of 902 and 22?
22
What is the greatest common divisor of 1036 and 3996?
148
What is the greatest common divisor of 227 and 24?
1
What is the greatest common factor of 2085 and 30?
15
What is the highest common divisor of 228 and 84?
12
What is the highest common divisor of 7436 and 44?
44
Calculate the greatest common divisor of 45 and 27465.
15
Calculate the greatest common factor of 837 and 135.
27
Calculate the highest common factor of 45 and 1675.
5
What is the highest common divisor of 99 and 9?
9
What is the highest common divisor of 451 and 164?
41
What is the highest common divisor of 9 and 3573?
9
Calculate the greatest common divisor of 336 and 21.
21
What is the greatest common divisor of 84 and 147?
21
Calculate the highest common factor of 40 and 280.
40
What is the highest common divisor of 650 and 780?
130
Calculate the greatest common factor of 7 and 77.
7
Calculate the greatest common factor of 38 and 2014.
38
Calculate the highest common factor of 2926 and 21.
7
Calculate the highest common divisor of 16224 and 96.
96
Calculate the highest common factor of 632 and 24.
8
What is the greatest common factor of 99 and 9?
9
Calculate the greatest common divisor of 9193 and 29.
29
Calculate the highest common factor of 10 and 655.
5
Calculate the highest common factor of 75 and 2650.
25
Calculate the greatest common factor of 885 and 19765.
295
What is the greatest common factor of 120 and 24?
24
What is the highest common factor of 48 and 16?
16
What is the highest common divisor of 77 and 22?
11
What is the greatest common divisor of 2981 and 3252?
271
What is the greatest common factor of 89 and 2581?
89
Calculate the greatest common divisor of 539 and 616.
77
What is the greatest common factor of 176 and 638?
22
What is the greatest common factor of 784 and 49?
49
What is the highest common divisor of 680 and 270?
10
Calculate the highest common factor of 7198 and 118.
118
What is the greatest common divisor of 736 and 115?
23
Calculate the highest common factor of 50 and 8.
2
What is the highest common factor of 135 and 567?
27
What is the highest common factor of 407 and 77?
11
Calculate the greatest common divisor of 207 and 36.
9
What is the highest common factor of 729 and 75?
3
Calculate the greatest common divisor of 420 and 47670.
210
What is the highest common divisor of 24 and 584?
8
Calculate the greatest common factor of 726 and 66.
66
Calculate the highest common factor of 120 and 930.
30
What is the greatest common factor of 1332 and 8?
4
What is the highest common divisor of 82 and 123?
41
What is the greatest common factor of 54 and 27?
27
What is the greatest common factor of 1808 and 32?
16
Calculate the greatest common divisor of 7 and 1323.
7
What is the greatest common divisor of 46 and 874?
46
Calculate the highest common factor of 32 and 256.
32
What is the highest common divisor of 138 and 1?
1
What is the highest common divisor of 117 and 17823?
39
What is the highest common factor of 89423 and 401?
401
What is the highest common factor of 30312 and 72?
72
What is the highest common factor of 29 and 24041?
29
Calculate the greatest common factor of 144 and 216.
72
What is the highest common factor of 308 and 20?
4
Calculate the greatest common divisor of 46 and 782.
46
Calculate the greatest common factor of 30 and 885.
15
What is the greatest common divisor of 17752 and 4?
4
Calculate the highest common divisor of 1521 and 18.
9
Calculate the highest common factor of 10366 and 1136.
142
What is the greatest common factor of 120 and 11940?
60
Calculate the greatest common divisor of 697 and 1258.
17
What is the greatest common factor of 85 and 21845?
85
What is the greatest common factor of 18 and 369?
9
Calculate the greatest common divisor of 533 and 246.
41
Calculate the greatest common divisor of 2279 and 53.
53
What is the greatest common divisor of 254 and 381?
127
Calculate the greatest common divisor of 124 and 28.
4
Calculate the greatest common factor of 134 and 2.
2
Calculate the highest common factor of 12 and 984.
12
What is the highest common factor of 2826 and 234?
18
What is the highest common factor of 115 and 3657?
23
Calculate the highest common factor of 42 and 112.
14
Calculate the greatest common factor of 36 and 17.
1
Calculate the highest common factor of 30 and 15.
15
What is the highest common divisor of 11 and 1